{"id":35,"date":"2024-11-18T15:31:18","date_gmt":"2024-11-18T14:31:18","guid":{"rendered":"https:\/\/petr3.thedilna.cz\/?page_id=35"},"modified":"2024-11-18T16:28:08","modified_gmt":"2024-11-18T15:28:08","slug":"elementor-35","status":"publish","type":"page","link":"https:\/\/petr3.thedilna.cz\/?page_id=35","title":{"rendered":"e-uvod"},"content":{"rendered":"\t\t<div data-elementor-type=\"wp-page\" data-elementor-id=\"35\" class=\"elementor elementor-35\">\n\t\t\t\t<div class=\"elementor-element elementor-element-9180288 e-flex e-con-boxed e-con e-parent\" data-id=\"9180288\" data-element_type=\"container\">\n\t\t\t\t\t<div class=\"e-con-inner\">\n\t\t<div class=\"elementor-element elementor-element-11df345 e-con-full e-flex e-con e-child\" data-id=\"11df345\" data-element_type=\"container\" data-settings=\"{&quot;background_background&quot;:&quot;classic&quot;}\">\n\t\t<div class=\"elementor-element elementor-element-a912f85 e-con-full e-flex e-con e-child\" data-id=\"a912f85\" data-element_type=\"container\">\n\t\t\t\t<div class=\"elementor-element elementor-element-875d74a elementor-widget elementor-widget-heading\" data-id=\"875d74a\" data-element_type=\"widget\" data-widget_type=\"heading.default\">\n\t\t\t\t<div class=\"elementor-widget-container\">\n\t\t\t\t\t<h2 class=\"elementor-heading-title elementor-size-default\">Stav\u00edme v\u00e1\u0161 domov, tvo\u0159\u00edme v\u00e1\u0161 prostor.<\/h2>\t\t\t\t<\/div>\n\t\t\t\t<\/div>\n\t\t\t\t<\/div>\n\t\t<div class=\"elementor-element elementor-element-05dbe3f e-con-full e-flex e-con e-child\" data-id=\"05dbe3f\" data-element_type=\"container\" data-settings=\"{&quot;background_background&quot;:&quot;classic&quot;}\">\n\t\t\t\t<div class=\"elementor-element elementor-element-9fc1a03 elementor-widget elementor-widget-text-editor\" data-id=\"9fc1a03\" data-element_type=\"widget\" data-widget_type=\"text-editor.default\">\n\t\t\t\t<div class=\"elementor-widget-container\">\n\t\t\t\t\t\t\t\t\t<p>Kompletn\u00ed slu\u017eby pro v\u00e1\u0161 domov i zahradu. Stav\u00edme rodinn\u00e9 domy na kl\u00ed\u010d, d\u0159evostavby, pergoly a zahradn\u00ed konstrukce. Zaji\u0161\u0165ujeme v\u00fdkopov\u00e9 pr\u00e1ce, ter\u00e9nn\u00ed \u00fapravy i profesion\u00e1ln\u00ed p\u00e9\u010di o zahrady. Spolehn\u011bte se na kvalitu, preciznost a na\u0161e dlouholet\u00e9 zku\u0161enosti. Vytvo\u0159\u00edme pro v\u00e1s m\u00edsto, kam se budete r\u00e1di vracet.<\/p>\t\t\t\t\t\t\t\t<\/div>\n\t\t\t\t<\/div>\n\t\t\t\t<div class=\"elementor-element elementor-element-fea17ac elementor-align-right elementor-mobile-align-center elementor-widget elementor-widget-button\" data-id=\"fea17ac\" data-element_type=\"widget\" data-widget_type=\"button.default\">\n\t\t\t\t<div class=\"elementor-widget-container\">\n\t\t\t\t\t\t\t\t\t<div class=\"elementor-button-wrapper\">\n\t\t\t\t\t<a class=\"elementor-button elementor-button-link elementor-size-sm\" href=\"#\">\n\t\t\t\t\t\t<span class=\"elementor-button-content-wrapper\">\n\t\t\t\t\t\t\t\t\t<span class=\"elementor-button-text\">Dohodnout sch\u016fzku<\/span>\n\t\t\t\t\t<\/span>\n\t\t\t\t\t<\/a>\n\t\t\t\t<\/div>\n\t\t\t\t\t\t\t\t<\/div>\n\t\t\t\t<\/div>\n\t\t\t\t<\/div>\n\t\t\t\t<\/div>\n\t\t\t\t\t<\/div>\n\t\t\t\t<\/div>\n\t\t<div class=\"elementor-element elementor-element-fdfee4c e-flex e-con-boxed e-con e-parent\" data-id=\"fdfee4c\" data-element_type=\"container\">\n\t\t\t\t\t<div class=\"e-con-inner\">\n\t\t<div class=\"elementor-element elementor-element-78a60cf e-con-full e-flex e-con e-child\" data-id=\"78a60cf\" data-element_type=\"container\">\n\t\t\t\t<div class=\"elementor-element elementor-element-d204936 elementor-widget elementor-widget-image\" data-id=\"d204936\" data-element_type=\"widget\" data-widget_type=\"image.default\">\n\t\t\t\t<div class=\"elementor-widget-container\">\n\t\t\t\t\t\t\t\t\t\t\t\t\t\t\t<img fetchpriority=\"high\" decoding=\"async\" width=\"1024\" height=\"1024\" src=\"https:\/\/petr3.thedilna.cz\/wp-content\/uploads\/2024\/11\/dum-na-klic-1024x1024.jpg\" class=\"attachment-large size-large wp-image-41\" alt=\"\" srcset=\"https:\/\/petr3.thedilna.cz\/wp-content\/uploads\/2024\/11\/dum-na-klic-1024x1024.jpg 1024w, https:\/\/petr3.thedilna.cz\/wp-content\/uploads\/2024\/11\/dum-na-klic-300x300.jpg 300w, https:\/\/petr3.thedilna.cz\/wp-content\/uploads\/2024\/11\/dum-na-klic-150x150.jpg 150w, https:\/\/petr3.thedilna.cz\/wp-content\/uploads\/2024\/11\/dum-na-klic-768x768.jpg 768w, https:\/\/petr3.thedilna.cz\/wp-content\/uploads\/2024\/11\/dum-na-klic.jpg 1080w\" sizes=\"(max-width: 1024px) 100vw, 1024px\" \/>\t\t\t\t\t\t\t\t\t\t\t\t\t\t\t<\/div>\n\t\t\t\t<\/div>\n\t\t\t\t<\/div>\n\t\t<div class=\"elementor-element elementor-element-d1bec8a e-con-full e-flex e-con e-child\" data-id=\"d1bec8a\" data-element_type=\"container\">\n\t\t\t\t<div class=\"elementor-element elementor-element-a3430b9 elementor-widget elementor-widget-heading\" data-id=\"a3430b9\" data-element_type=\"widget\" data-widget_type=\"heading.default\">\n\t\t\t\t<div class=\"elementor-widget-container\">\n\t\t\t\t\t<h2 class=\"elementor-heading-title elementor-size-default\">Postav\u00edme v\u00e1\u0161 domov<br>na kl\u00ed\u010d<\/h2>\t\t\t\t<\/div>\n\t\t\t\t<\/div>\n\t\t\t\t<div class=\"elementor-element elementor-element-fdaa655 elementor-widget elementor-widget-text-editor\" data-id=\"fdaa655\" data-element_type=\"widget\" data-widget_type=\"text-editor.default\">\n\t\t\t\t<div class=\"elementor-widget-container\">\n\t\t\t\t\t\t\t\t\t<p>S n\u00e1mi je cesta k va\u0161emu vysn\u011bn\u00e9mu domovu snadn\u00e1 a bezstarostn\u00e1. Zaji\u0161\u0165ujeme kompletn\u00ed stavbu rodinn\u00fdch dom\u016f na kl\u00ed\u010d \u2013 od prvotn\u00edho n\u00e1vrhu a\u017e po posledn\u00ed detail. Spolehn\u011bte se na kvalitu, preciznost a zku\u0161enosti, kter\u00e9 d\u011blaj\u00ed z ka\u017ed\u00e9ho projektu jedine\u010dn\u00e9 m\u00edsto k \u017eivotu. Va\u0161e spokojenost je pro n\u00e1s prioritou.<\/p>\t\t\t\t\t\t\t\t<\/div>\n\t\t\t\t<\/div>\n\t\t\t\t<div class=\"elementor-element elementor-element-ea2a100 elementor-align-left elementor-mobile-align-center elementor-widget elementor-widget-button\" data-id=\"ea2a100\" data-element_type=\"widget\" data-widget_type=\"button.default\">\n\t\t\t\t<div class=\"elementor-widget-container\">\n\t\t\t\t\t\t\t\t\t<div class=\"elementor-button-wrapper\">\n\t\t\t\t\t<a class=\"elementor-button elementor-button-link elementor-size-sm\" href=\"#\">\n\t\t\t\t\t\t<span class=\"elementor-button-content-wrapper\">\n\t\t\t\t\t\t\t\t\t<span class=\"elementor-button-text\">Domy na kl\u00ed\u010d<\/span>\n\t\t\t\t\t<\/span>\n\t\t\t\t\t<\/a>\n\t\t\t\t<\/div>\n\t\t\t\t\t\t\t\t<\/div>\n\t\t\t\t<\/div>\n\t\t\t\t<\/div>\n\t\t\t\t\t<\/div>\n\t\t\t\t<\/div>\n\t\t<div class=\"elementor-element elementor-element-4272931 e-flex e-con-boxed e-con e-parent\" data-id=\"4272931\" data-element_type=\"container\">\n\t\t\t\t\t<div class=\"e-con-inner\">\n\t\t<div class=\"elementor-element elementor-element-989a0d0 e-con-full e-flex e-con e-child\" data-id=\"989a0d0\" data-element_type=\"container\">\n\t\t\t\t<div class=\"elementor-element elementor-element-af2454b elementor-hidden-desktop elementor-hidden-tablet elementor-widget elementor-widget-image\" data-id=\"af2454b\" data-element_type=\"widget\" data-widget_type=\"image.default\">\n\t\t\t\t<div class=\"elementor-widget-container\">\n\t\t\t\t\t\t\t\t\t\t\t\t\t\t\t<img decoding=\"async\" width=\"1024\" height=\"1024\" src=\"https:\/\/petr3.thedilna.cz\/wp-content\/uploads\/2024\/11\/dum-dreveny-1024x1024.jpg\" class=\"attachment-large size-large wp-image-42\" alt=\"\" srcset=\"https:\/\/petr3.thedilna.cz\/wp-content\/uploads\/2024\/11\/dum-dreveny-1024x1024.jpg 1024w, https:\/\/petr3.thedilna.cz\/wp-content\/uploads\/2024\/11\/dum-dreveny-300x300.jpg 300w, https:\/\/petr3.thedilna.cz\/wp-content\/uploads\/2024\/11\/dum-dreveny-150x150.jpg 150w, https:\/\/petr3.thedilna.cz\/wp-content\/uploads\/2024\/11\/dum-dreveny-768x768.jpg 768w, https:\/\/petr3.thedilna.cz\/wp-content\/uploads\/2024\/11\/dum-dreveny.jpg 1080w\" sizes=\"(max-width: 1024px) 100vw, 1024px\" \/>\t\t\t\t\t\t\t\t\t\t\t\t\t\t\t<\/div>\n\t\t\t\t<\/div>\n\t\t\t\t<div class=\"elementor-element elementor-element-0297786 elementor-widget elementor-widget-heading\" data-id=\"0297786\" data-element_type=\"widget\" data-widget_type=\"heading.default\">\n\t\t\t\t<div class=\"elementor-widget-container\">\n\t\t\t\t\t<h2 class=\"elementor-heading-title elementor-size-default\">D\u0159ev\u011bn\u00e9 domy: Kr\u00e1sa p\u0159\u00edrody ve va\u0161em bydlen\u00ed<\/h2>\t\t\t\t<\/div>\n\t\t\t\t<\/div>\n\t\t\t\t<div class=\"elementor-element elementor-element-0f71992 elementor-widget elementor-widget-text-editor\" data-id=\"0f71992\" data-element_type=\"widget\" data-widget_type=\"text-editor.default\">\n\t\t\t\t<div class=\"elementor-widget-container\">\n\t\t\t\t\t\t\t\t\t<p>D\u0159ev\u011bn\u00e9 domy spojuj\u00ed modern\u00ed design, ekologii a p\u0159irozenou \u00fatulnost. Nab\u00edz\u00edme v\u00fdstavbu d\u0159evostaveb na m\u00edru, kter\u00e9 spln\u00ed va\u0161e po\u017eadavky na komfort, estetiku a energetickou \u00faspornost. Na\u0161e konstrukce jsou nejen stylov\u00e9, ale i odoln\u00e9, s ohledem na \u017eivotn\u00ed prost\u0159ed\u00ed a v\u00e1\u0161 dlouhodob\u00fd komfort.<\/p>\t\t\t\t\t\t\t\t<\/div>\n\t\t\t\t<\/div>\n\t\t\t\t<div class=\"elementor-element elementor-element-3e57c33 elementor-align-left elementor-mobile-align-center elementor-widget elementor-widget-button\" data-id=\"3e57c33\" data-element_type=\"widget\" data-widget_type=\"button.default\">\n\t\t\t\t<div class=\"elementor-widget-container\">\n\t\t\t\t\t\t\t\t\t<div class=\"elementor-button-wrapper\">\n\t\t\t\t\t<a class=\"elementor-button elementor-button-link elementor-size-sm\" href=\"#\">\n\t\t\t\t\t\t<span class=\"elementor-button-content-wrapper\">\n\t\t\t\t\t\t\t\t\t<span class=\"elementor-button-text\">D\u0159ev\u011bn\u00e9 domy<\/span>\n\t\t\t\t\t<\/span>\n\t\t\t\t\t<\/a>\n\t\t\t\t<\/div>\n\t\t\t\t\t\t\t\t<\/div>\n\t\t\t\t<\/div>\n\t\t\t\t<\/div>\n\t\t<div class=\"elementor-element elementor-element-b6b47aa e-con-full elementor-hidden-mobile e-flex e-con e-child\" data-id=\"b6b47aa\" data-element_type=\"container\">\n\t\t\t\t<div class=\"elementor-element elementor-element-919295e elementor-widget elementor-widget-image\" data-id=\"919295e\" data-element_type=\"widget\" data-widget_type=\"image.default\">\n\t\t\t\t<div class=\"elementor-widget-container\">\n\t\t\t\t\t\t\t\t\t\t\t\t\t\t\t<img decoding=\"async\" width=\"1024\" height=\"1024\" src=\"https:\/\/petr3.thedilna.cz\/wp-content\/uploads\/2024\/11\/dum-dreveny-1024x1024.jpg\" class=\"attachment-large size-large wp-image-42\" alt=\"\" srcset=\"https:\/\/petr3.thedilna.cz\/wp-content\/uploads\/2024\/11\/dum-dreveny-1024x1024.jpg 1024w, https:\/\/petr3.thedilna.cz\/wp-content\/uploads\/2024\/11\/dum-dreveny-300x300.jpg 300w, https:\/\/petr3.thedilna.cz\/wp-content\/uploads\/2024\/11\/dum-dreveny-150x150.jpg 150w, https:\/\/petr3.thedilna.cz\/wp-content\/uploads\/2024\/11\/dum-dreveny-768x768.jpg 768w, https:\/\/petr3.thedilna.cz\/wp-content\/uploads\/2024\/11\/dum-dreveny.jpg 1080w\" sizes=\"(max-width: 1024px) 100vw, 1024px\" \/>\t\t\t\t\t\t\t\t\t\t\t\t\t\t\t<\/div>\n\t\t\t\t<\/div>\n\t\t\t\t<\/div>\n\t\t\t\t\t<\/div>\n\t\t\t\t<\/div>\n\t\t<div class=\"elementor-element elementor-element-0e625ae e-flex e-con-boxed e-con e-parent\" data-id=\"0e625ae\" data-element_type=\"container\">\n\t\t\t\t\t<div class=\"e-con-inner\">\n\t\t<div class=\"elementor-element elementor-element-0f9ddf9 e-con-full e-flex e-con e-child\" data-id=\"0f9ddf9\" data-element_type=\"container\" data-settings=\"{&quot;background_background&quot;:&quot;classic&quot;}\">\n\t\t\t\t<div class=\"elementor-element elementor-element-63c9614 elementor-widget elementor-widget-heading\" data-id=\"63c9614\" data-element_type=\"widget\" data-widget_type=\"heading.default\">\n\t\t\t\t<div class=\"elementor-widget-container\">\n\t\t\t\t\t<h2 class=\"elementor-heading-title elementor-size-default\">Pergoly a zahradn\u00ed konstrukce: Relax pod \u0161ir\u00fdm nebem<\/h2>\t\t\t\t<\/div>\n\t\t\t\t<\/div>\n\t\t\t\t<div class=\"elementor-element elementor-element-2372c43 elementor-widget elementor-widget-text-editor\" data-id=\"2372c43\" data-element_type=\"widget\" data-widget_type=\"text-editor.default\">\n\t\t\t\t<div class=\"elementor-widget-container\">\n\t\t\t\t\t\t\t\t\t<p>Prom\u011b\u0148te svou zahradu v o\u00e1zu klidu. Stav\u00edme pergoly, alt\u00e1ny a dal\u0161\u00ed zahradn\u00ed konstrukce, kter\u00e9 kombinuj\u00ed estetiku s prakti\u010dnost\u00ed. Dop\u0159ejte si p\u0159\u00edjemn\u00e9 chv\u00edle venku, a\u0165 u\u017e jde o rodinn\u00e9 oslavy, ve\u010dery s p\u0159\u00e1teli nebo chv\u00edle relaxace s knihou.<\/p>\t\t\t\t\t\t\t\t<\/div>\n\t\t\t\t<\/div>\n\t\t\t\t<div class=\"elementor-element elementor-element-44f1086 elementor-widget elementor-widget-image\" data-id=\"44f1086\" data-element_type=\"widget\" data-widget_type=\"image.default\">\n\t\t\t\t<div class=\"elementor-widget-container\">\n\t\t\t\t\t\t\t\t\t\t\t\t\t\t\t<img decoding=\"async\" width=\"1024\" height=\"1024\" src=\"https:\/\/petr3.thedilna.cz\/wp-content\/uploads\/2024\/11\/pergola-1024x1024.jpg\" class=\"attachment-large size-large wp-image-47\" alt=\"\" srcset=\"https:\/\/petr3.thedilna.cz\/wp-content\/uploads\/2024\/11\/pergola-1024x1024.jpg 1024w, https:\/\/petr3.thedilna.cz\/wp-content\/uploads\/2024\/11\/pergola-300x300.jpg 300w, https:\/\/petr3.thedilna.cz\/wp-content\/uploads\/2024\/11\/pergola-150x150.jpg 150w, https:\/\/petr3.thedilna.cz\/wp-content\/uploads\/2024\/11\/pergola-768x768.jpg 768w, https:\/\/petr3.thedilna.cz\/wp-content\/uploads\/2024\/11\/pergola.jpg 1080w\" sizes=\"(max-width: 1024px) 100vw, 1024px\" \/>\t\t\t\t\t\t\t\t\t\t\t\t\t\t\t<\/div>\n\t\t\t\t<\/div>\n\t\t\t\t<\/div>\n\t\t<div class=\"elementor-element elementor-element-a670888 e-con-full e-flex e-con e-child\" data-id=\"a670888\" data-element_type=\"container\" data-settings=\"{&quot;background_background&quot;:&quot;classic&quot;}\">\n\t\t\t\t<div class=\"elementor-element elementor-element-9ac67c1 elementor-widget elementor-widget-heading\" data-id=\"9ac67c1\" data-element_type=\"widget\" data-widget_type=\"heading.default\">\n\t\t\t\t<div class=\"elementor-widget-container\">\n\t\t\t\t\t<h2 class=\"elementor-heading-title elementor-size-default\">V\u00fdkopov\u00e9 a ter\u00e9nn\u00ed pr\u00e1ce: Pevn\u00e9 z\u00e1klady pro va\u0161e projekty<\/h2>\t\t\t\t<\/div>\n\t\t\t\t<\/div>\n\t\t\t\t<div class=\"elementor-element elementor-element-e780fbb elementor-widget elementor-widget-text-editor\" data-id=\"e780fbb\" data-element_type=\"widget\" data-widget_type=\"text-editor.default\">\n\t\t\t\t<div class=\"elementor-widget-container\">\n\t\t\t\t\t\t\t\t\t<p>A\u0165 u\u017e stav\u00edte d\u016fm, pl\u00e1nujete zahradn\u00ed jez\u00edrko nebo upravujete ter\u00e9n, na\u0161i odborn\u00edci na v\u00fdkopov\u00e9 a ter\u00e9nn\u00ed pr\u00e1ce jsou tu pro v\u00e1s. S modern\u00ed technikou a dlouholet\u00fdmi zku\u0161enostmi zaji\u0161\u0165ujeme p\u0159esnost a efektivitu. P\u0159iprav\u00edme va\u0161i p\u016fdu pro jak\u00fdkoliv projekt.<\/p>\t\t\t\t\t\t\t\t<\/div>\n\t\t\t\t<\/div>\n\t\t\t\t<div class=\"elementor-element elementor-element-9a5215d elementor-widget elementor-widget-image\" data-id=\"9a5215d\" data-element_type=\"widget\" data-widget_type=\"image.default\">\n\t\t\t\t<div class=\"elementor-widget-container\">\n\t\t\t\t\t\t\t\t\t\t\t\t\t\t\t<img loading=\"lazy\" decoding=\"async\" width=\"1024\" height=\"1024\" src=\"https:\/\/petr3.thedilna.cz\/wp-content\/uploads\/2024\/11\/vykopy-1024x1024.jpg\" class=\"attachment-large size-large wp-image-48\" alt=\"\" srcset=\"https:\/\/petr3.thedilna.cz\/wp-content\/uploads\/2024\/11\/vykopy-1024x1024.jpg 1024w, https:\/\/petr3.thedilna.cz\/wp-content\/uploads\/2024\/11\/vykopy-300x300.jpg 300w, https:\/\/petr3.thedilna.cz\/wp-content\/uploads\/2024\/11\/vykopy-150x150.jpg 150w, https:\/\/petr3.thedilna.cz\/wp-content\/uploads\/2024\/11\/vykopy-768x768.jpg 768w, https:\/\/petr3.thedilna.cz\/wp-content\/uploads\/2024\/11\/vykopy.jpg 1080w\" sizes=\"(max-width: 1024px) 100vw, 1024px\" \/>\t\t\t\t\t\t\t\t\t\t\t\t\t\t\t<\/div>\n\t\t\t\t<\/div>\n\t\t\t\t<\/div>\n\t\t<div class=\"elementor-element elementor-element-98deb3e e-con-full e-flex e-con e-child\" data-id=\"98deb3e\" data-element_type=\"container\" data-settings=\"{&quot;background_background&quot;:&quot;classic&quot;}\">\n\t\t\t\t<div class=\"elementor-element elementor-element-cdcd7db elementor-widget elementor-widget-heading\" data-id=\"cdcd7db\" data-element_type=\"widget\" data-widget_type=\"heading.default\">\n\t\t\t\t<div class=\"elementor-widget-container\">\n\t\t\t\t\t<h2 class=\"elementor-heading-title elementor-size-default\">Zahradn\u00ed \u00fapravy: Vytvo\u0159\u00edme va\u0161i zelenou o\u00e1zu<\/h2>\t\t\t\t<\/div>\n\t\t\t\t<\/div>\n\t\t\t\t<div class=\"elementor-element elementor-element-e876c97 elementor-widget elementor-widget-text-editor\" data-id=\"e876c97\" data-element_type=\"widget\" data-widget_type=\"text-editor.default\">\n\t\t\t\t<div class=\"elementor-widget-container\">\n\t\t\t\t\t\t\t\t\t<p>Kr\u00e1sn\u00e1 zahrada je m\u00edstem, kde m\u016f\u017eete na\u010derpat energii a u\u017e\u00edt si klid. Nab\u00edz\u00edme profesion\u00e1ln\u00ed \u00fapravy zahrad, od pokl\u00e1dky tr\u00e1vn\u00edk\u016f a\u017e po instalaci okrasn\u00fdch prvk\u016f. Spole\u010dn\u011b s v\u00e1mi vytvo\u0159\u00edme prostor, kde se budete c\u00edtit jako doma \u2013 venku i uvnit\u0159.<\/p>\t\t\t\t\t\t\t\t<\/div>\n\t\t\t\t<\/div>\n\t\t\t\t<div class=\"elementor-element elementor-element-cd476be elementor-widget elementor-widget-image\" data-id=\"cd476be\" data-element_type=\"widget\" data-widget_type=\"image.default\">\n\t\t\t\t<div class=\"elementor-widget-container\">\n\t\t\t\t\t\t\t\t\t\t\t\t\t\t\t<img loading=\"lazy\" decoding=\"async\" width=\"1024\" height=\"1024\" src=\"https:\/\/petr3.thedilna.cz\/wp-content\/uploads\/2024\/11\/zahrady-1024x1024.jpg\" class=\"attachment-large size-large wp-image-49\" alt=\"\" srcset=\"https:\/\/petr3.thedilna.cz\/wp-content\/uploads\/2024\/11\/zahrady-1024x1024.jpg 1024w, https:\/\/petr3.thedilna.cz\/wp-content\/uploads\/2024\/11\/zahrady-300x300.jpg 300w, https:\/\/petr3.thedilna.cz\/wp-content\/uploads\/2024\/11\/zahrady-150x150.jpg 150w, https:\/\/petr3.thedilna.cz\/wp-content\/uploads\/2024\/11\/zahrady-768x768.jpg 768w, https:\/\/petr3.thedilna.cz\/wp-content\/uploads\/2024\/11\/zahrady.jpg 1080w\" sizes=\"(max-width: 1024px) 100vw, 1024px\" \/>\t\t\t\t\t\t\t\t\t\t\t\t\t\t\t<\/div>\n\t\t\t\t<\/div>\n\t\t\t\t<\/div>\n\t\t\t\t\t<\/div>\n\t\t\t\t<\/div>\n\t\t<div class=\"elementor-element elementor-element-f6d4630 e-flex e-con-boxed e-con e-parent\" data-id=\"f6d4630\" data-element_type=\"container\">\n\t\t\t\t\t<div class=\"e-con-inner\">\n\t\t\t\t<div class=\"elementor-element elementor-element-0d0704c elementor-widget elementor-widget-heading\" data-id=\"0d0704c\" data-element_type=\"widget\" data-widget_type=\"heading.default\">\n\t\t\t\t<div class=\"elementor-widget-container\">\n\t\t\t\t\t<h2 class=\"elementor-heading-title elementor-size-default\">D\u00e1me va\u0161im sn\u016fm pevn\u00e9 z\u00e1klady!<\/h2>\t\t\t\t<\/div>\n\t\t\t\t<\/div>\n\t\t\t\t<div class=\"elementor-element elementor-element-f6db63f elementor-align-left elementor-mobile-align-center elementor-widget elementor-widget-button\" data-id=\"f6db63f\" data-element_type=\"widget\" data-widget_type=\"button.default\">\n\t\t\t\t<div class=\"elementor-widget-container\">\n\t\t\t\t\t\t\t\t\t<div class=\"elementor-button-wrapper\">\n\t\t\t\t\t<a class=\"elementor-button elementor-button-link elementor-size-sm\" href=\"#\">\n\t\t\t\t\t\t<span class=\"elementor-button-content-wrapper\">\n\t\t\t\t\t\t\t\t\t<span class=\"elementor-button-text\">Dohodnout sch\u016fzku<\/span>\n\t\t\t\t\t<\/span>\n\t\t\t\t\t<\/a>\n\t\t\t\t<\/div>\n\t\t\t\t\t\t\t\t<\/div>\n\t\t\t\t<\/div>\n\t\t\t\t\t<\/div>\n\t\t\t\t<\/div>\n\t\t<div class=\"elementor-element elementor-element-74bcc4e e-flex e-con-boxed e-con e-parent\" data-id=\"74bcc4e\" data-element_type=\"container\">\n\t\t\t\t\t<div class=\"e-con-inner\">\n\t\t\t\t\t<\/div>\n\t\t\t\t<\/div>\n\t\t<div class=\"elementor-element elementor-element-c084515 e-flex e-con-boxed e-con e-parent\" data-id=\"c084515\" data-element_type=\"container\">\n\t\t\t\t\t<div class=\"e-con-inner\">\n\t\t<div class=\"elementor-element elementor-element-89419ed e-con-full e-flex e-con e-child\" data-id=\"89419ed\" data-element_type=\"container\" data-settings=\"{&quot;background_background&quot;:&quot;classic&quot;}\">\n\t\t<div class=\"elementor-element elementor-element-a4d387d e-con-full e-flex e-con e-child\" data-id=\"a4d387d\" data-element_type=\"container\">\n\t\t\t\t<div class=\"elementor-element elementor-element-f771dde elementor-widget elementor-widget-heading\" data-id=\"f771dde\" data-element_type=\"widget\" data-widget_type=\"heading.default\">\n\t\t\t\t<div class=\"elementor-widget-container\">\n\t\t\t\t\t<h2 class=\"elementor-heading-title elementor-size-default\">Stav\u00edme v\u00e1\u0161 domov, tvo\u0159\u00edme v\u00e1\u0161 prostor.<\/h2>\t\t\t\t<\/div>\n\t\t\t\t<\/div>\n\t\t\t\t<div class=\"elementor-element elementor-element-f870b6f elementor-widget elementor-widget-text-editor\" data-id=\"f870b6f\" data-element_type=\"widget\" data-widget_type=\"text-editor.default\">\n\t\t\t\t<div class=\"elementor-widget-container\">\n\t\t\t\t\t\t\t\t\t<p>Kompletn\u00ed slu\u017eby pro v\u00e1\u0161 domov i zahradu. Stav\u00edme rodinn\u00e9 domy na kl\u00ed\u010d, d\u0159evostavby, pergoly a zahradn\u00ed konstrukce. Zaji\u0161\u0165ujeme v\u00fdkopov\u00e9 pr\u00e1ce, ter\u00e9nn\u00ed \u00fapravy i profesion\u00e1ln\u00ed p\u00e9\u010di o zahrady. Spolehn\u011bte se na kvalitu, preciznost a na\u0161e dlouholet\u00e9 zku\u0161enosti. Vytvo\u0159\u00edme pro v\u00e1s m\u00edsto, kam se budete r\u00e1di vracet.<\/p>\t\t\t\t\t\t\t\t<\/div>\n\t\t\t\t<\/div>\n\t\t\t\t<\/div>\n\t\t<div class=\"elementor-element elementor-element-66a7c86 e-con-full e-flex e-con e-child\" data-id=\"66a7c86\" data-element_type=\"container\" data-settings=\"{&quot;background_background&quot;:&quot;classic&quot;}\">\n\t\t\t\t<div class=\"elementor-element elementor-element-2d7d966 elementor-widget elementor-widget-heading\" data-id=\"2d7d966\" data-element_type=\"widget\" data-widget_type=\"heading.default\">\n\t\t\t\t<div class=\"elementor-widget-container\">\n\t\t\t\t\t<h2 class=\"elementor-heading-title elementor-size-default\">Chcete \u017e\u00edt po sv\u00e9m?<\/h2>\t\t\t\t<\/div>\n\t\t\t\t<\/div>\n\t\t\t\t<div class=\"elementor-element elementor-element-f98cad8 elementor-align-left elementor-mobile-align-center elementor-widget elementor-widget-button\" data-id=\"f98cad8\" data-element_type=\"widget\" data-widget_type=\"button.default\">\n\t\t\t\t<div class=\"elementor-widget-container\">\n\t\t\t\t\t\t\t\t\t<div class=\"elementor-button-wrapper\">\n\t\t\t\t\t<a class=\"elementor-button elementor-button-link elementor-size-sm\" href=\"#\">\n\t\t\t\t\t\t<span class=\"elementor-button-content-wrapper\">\n\t\t\t\t\t\t\t\t\t<span class=\"elementor-button-text\">Dohodnout sch\u016fzku<\/span>\n\t\t\t\t\t<\/span>\n\t\t\t\t\t<\/a>\n\t\t\t\t<\/div>\n\t\t\t\t\t\t\t\t<\/div>\n\t\t\t\t<\/div>\n\t\t\t\t<\/div>\n\t\t\t\t<\/div>\n\t\t\t\t\t<\/div>\n\t\t\t\t<\/div>\n\t\t\t\t<\/div>\n\t\t","protected":false},"excerpt":{"rendered":"<p>Stav\u00edme v\u00e1\u0161 domov, tvo\u0159\u00edme v\u00e1\u0161 prostor. Kompletn\u00ed slu\u017eby pro v\u00e1\u0161 domov i zahradu. Stav\u00edme rodinn\u00e9 domy na kl\u00ed\u010d, d\u0159evostavby, pergoly [&hellip;]<\/p>\n","protected":false},"author":1,"featured_media":0,"parent":0,"menu_order":0,"comment_status":"closed","ping_status":"closed","template":"","meta":{"site-sidebar-layout":"no-sidebar","site-content-layout":"","ast-site-content-layout":"full-width-container","site-content-style":"default","site-sidebar-style":"default","ast-global-header-display":"","ast-banner-title-visibility":"","ast-main-header-display":"","ast-hfb-above-header-display":"","ast-hfb-below-header-display":"","ast-hfb-mobile-header-display":"","site-post-title":"disabled","ast-breadcrumbs-content":"","ast-featured-img":"disabled","footer-sml-layout":"","theme-transparent-header-meta":"","adv-header-id-meta":"","stick-header-meta":"","header-above-stick-meta":"","header-main-stick-meta":"","header-below-stick-meta":"","astra-migrate-meta-layouts":"default","ast-page-background-enabled":"default","ast-page-background-meta":{"desktop":{"background-color":"var(--ast-global-color-4)","background-image":"","background-repeat":"repeat","background-position":"center center","background-size":"auto","background-attachment":"scroll","background-type":"","background-media":"","overlay-type":"","overlay-color":"","overlay-opacity":"","overlay-gradient":""},"tablet":{"background-color":"","background-image":"","background-repeat":"repeat","background-position":"center center","background-size":"auto","background-attachment":"scroll","background-type":"","background-media":"","overlay-type":"","overlay-color":"","overlay-opacity":"","overlay-gradient":""},"mobile":{"background-color":"","background-image":"","background-repeat":"repeat","background-position":"center center","background-size":"auto","background-attachment":"scroll","background-type":"","background-media":"","overlay-type":"","overlay-color":"","overlay-opacity":"","overlay-gradient":""}},"ast-content-background-meta":{"desktop":{"background-color":"var(--ast-global-color-5)","background-image":"","background-repeat":"repeat","background-position":"center center","background-size":"auto","background-attachment":"scroll","background-type":"","background-media":"","overlay-type":"","overlay-color":"","overlay-opacity":"","overlay-gradient":""},"tablet":{"background-color":"var(--ast-global-color-5)","background-image":"","background-repeat":"repeat","background-position":"center center","background-size":"auto","background-attachment":"scroll","background-type":"","background-media":"","overlay-type":"","overlay-color":"","overlay-opacity":"","overlay-gradient":""},"mobile":{"background-color":"var(--ast-global-color-5)","background-image":"","background-repeat":"repeat","background-position":"center center","background-size":"auto","background-attachment":"scroll","background-type":"","background-media":"","overlay-type":"","overlay-color":"","overlay-opacity":"","overlay-gradient":""}},"footnotes":""},"class_list":["post-35","page","type-page","status-publish","hentry"],"_links":{"self":[{"href":"https:\/\/petr3.thedilna.cz\/index.php?rest_route=\/wp\/v2\/pages\/35","targetHints":{"allow":["GET"]}}],"collection":[{"href":"https:\/\/petr3.thedilna.cz\/index.php?rest_route=\/wp\/v2\/pages"}],"about":[{"href":"https:\/\/petr3.thedilna.cz\/index.php?rest_route=\/wp\/v2\/types\/page"}],"author":[{"embeddable":true,"href":"https:\/\/petr3.thedilna.cz\/index.php?rest_route=\/wp\/v2\/users\/1"}],"replies":[{"embeddable":true,"href":"https:\/\/petr3.thedilna.cz\/index.php?rest_route=%2Fwp%2Fv2%2Fcomments&post=35"}],"version-history":[{"count":15,"href":"https:\/\/petr3.thedilna.cz\/index.php?rest_route=\/wp\/v2\/pages\/35\/revisions"}],"predecessor-version":[{"id":80,"href":"https:\/\/petr3.thedilna.cz\/index.php?rest_route=\/wp\/v2\/pages\/35\/revisions\/80"}],"wp:attachment":[{"href":"https:\/\/petr3.thedilna.cz\/index.php?rest_route=%2Fwp%2Fv2%2Fmedia&parent=35"}],"curies":[{"name":"wp","href":"https:\/\/api.w.org\/{rel}","templated":true}]}}